 v(q). What is the greatest common factor of 3 and h?
3
Let n = -1207 - -1287. Let j(y) = 2*y**3 - y**2 + 2*y. Let m be j(2). Calculate the greatest common divisor of m and n.
16
Let l = -56924 + 56931. Let o = 297 - 199. Calculate the highest common divisor of l and o.
7
Let b(i) = i**3 + 3*i**2 - 24*i + 8. Let n be b(4). Let w be 552/(2/(-2) - -2). Calculate the greatest common divisor of n and w.
24
Let p be 4/(-6)*(5 + (-75)/6). Suppose 4*d - w = -3*w + 102, -p*w + 63 = 2*d. Calculate the highest common divisor of d and 18.
6
Suppose 24*h - 2617 = -12217. Let k = 407 + h. What is the highest common factor of 7 and k?
7
Let b be (-2)/(-3)*2 - (-84)/18. Let x = 180 + -84. Let z be ((-9)/4)/(6 - 585/x). Calculate the greatest common factor of z and b.
6
Let t = 4717 + 7958. What is the highest common factor of 25 and t?
25
Let o(q) be the third derivative of -q**6/120 - 4*q**5/15 - q**4/2 + 49*q**3/6 - 177*q**2. Let y be o(-15). What is the greatest common factor of 44 and y?
4
Let n be (75/12 - 6)*-2*(5 + -869). Calculate the highest common divisor of n and 192.
48
Let q(g) = -1210*g + 1953. Let y be q(-3). Calculate the highest common factor of y and 3.
3
Let w(p) = -71*p - 382. Let t be w(0). Let o = -362 - t. Calculate the highest common factor of 30 and o.
10
Let m be (-2 - 172/16)*7/(126/(-24)). What is the highest common factor of m and 4216?
17
Suppose 23*m = -0*m - 22*m. Suppose 0 = -5*f - 3*y + 5680, m*f + 5*f + 4*y = 5675. Calculate the highest common divisor of f and 67.
67
Let g(b) = 880*b - 7132. Let j be g(34). What is the greatest common factor of j and 108?
108
Suppose 17244 = 2*p + c, -7*c - 25864 = -3*p - 9*c. Calculate the greatest common divisor of p and 176.
176
Suppose -2100 = 5*b - 15*b. Suppose b + 54 = 12*j. What is the highest common divisor of j and 550?
22
Suppose 84*m + 194187 = 102*m + 2397. Calculate the highest common divisor of m and 5.
5
Suppose i + 12 - 75 = 0. Let m(d) = -41*d**3 + d**2 - 1407*d - 1407. Let l be m(-1). Calculate the highest common divisor of i and l.
21
Let u = -33562 + 37918. What is the highest common divisor of 324 and u?
36
Let t(k) = -62*k + 209. Let f be t(-5). Let r = -454 + f. Calculate the greatest common divisor of 143 and r.
13
Let n = 688 + -662. What is the highest common divisor of n and 9477?
13
Let f be 29/(-2)*-8*(-21)/28. Let m = f + 90. Let a be (-3 + (-64)/(-20) - m)*-10. Calculate the greatest common divisor of a and 12.
4
Let m be (7 - -3)*6/(-12) + 61. Let y = -1 + 4. Suppose r + 4*q = -y*r + 40, 5*r + 3*q = m. Calculate the greatest common divisor of 91 and r.
13
Let f = -370 + 611. Calculate the highest common factor of 2169 and f.
241
Let z be 4/16*-2*-156. Let l(v) = 79*v**2 + 9*v + 0*v + z*v**2 - 155*v**2. Let w be l(-6). What is the highest common factor of 198 and w?
18
Suppose 135 = -17960*t + 17975*t. What is the highest common divisor of t and 303?
3
Let f(i) = 3*i**2 - 6*i + 28. Let z = 80 - 77. Let h be f(z). What is the greatest common divisor of h and 481?
37
Let x(h) = 22*h + 9*h - 3 - 6*h. Let t be x(3). Let n(a) = -2*a**3 + 151*a**2 + 226*a + 421. Let g be n(77). Calculate the greatest common divisor of g and t.
36
Let q be (6/(-4))/((-81)/12) - 17062/(-9). Calculate the highest common factor of q and 192.
24
Let n = 6 - 0. Let y(v) = v**2 + 15*v - 52. Let x be (0 - 74/4) + (-8)/16. Let w be y(x). Calculate the highest common factor of n and w.
6
Suppose -29*x + 69 = -18. Suppose 4*b = -x*j + 4312, 243 + 828 = b - j. Calculate the highest common factor of 25 and b.
25
Let l(s) = -s**3 - 14*s**2 + 60*s - 27. Let c be l(-19). Calculate the greatest common factor of c and 174.
58
Suppose -7*n + 4*b = -3*n - 1528, -5*n + 1926 = 3*b. What is the highest common factor of 624 and n?
48
Suppose 3*x - a = 1171, -5*a = -3*x - 0*x + 1163. Let h(l) = -2*l**3 + 17*l**2 + 55*l + 23. Let z be h(11). What is the highest common divisor of z and x?
23
Let h(d) = 38 - 7 - 84*d + 173*d - 91*d. Let k be h(11). What is the highest common factor of k and 261?
9
Suppose 46 - 11 + 525 = 70*u. Calculate the greatest common factor of u and 222.
2
Let z(f) be the second derivative of -5/6*f**3 + 3*f**2 + 9*f + 0 - 1/12*f**4 + 1/10*f**5. Let c be z(2). Calculate the greatest common divisor of c and 40.
8
Let x(n) = -8*n**3 + n**2 + 129*n + 405. Let h be x(-3). Calculate the greatest common factor of 216 and h.
27
Let q(b) = -b**3 + 9*b**2 - 7*b + 2. Let d be q(8). Suppose d*r = 73*r - 7182. What is the greatest common divisor of r and 6?
6
Suppose 99 = 3*u + 168. Let q be u/(92/(-48)) - -7. What is the highest common divisor of 190 and q?
19
Let f be 65/(-650) + 6363/60*2. Calculate the greatest common factor of 583 and f.
53
Let u be 15*(1 + (-18)/(-30)). Suppose -4*a + u = -4*x - 80, -70 = -3*a + x. Calculate the greatest common factor of 77 and a.
11
Let x = -977 + 992. Suppose -x - 9 = -2*y. Suppose -3*f = -24 - 30. Calculate the greatest common factor of y and f.
6
Let x = -4937 + 4941. Let m(l) = -l**3 + 11*l**2 - 9*l - 9. Let k be m(10). Calculate the greatest common divisor of k and x.
1
Suppose 0 = 2*s + 16, -983*s - 293 = -3*j - 982*s. Let w be (6 - 7)/(2/(-10)). Calculate the greatest common factor of w and j.
5
Let c be -6*(28/24 + -4). Suppose -17*m = c*m - 9384. What is the greatest common factor of 368 and m?
92
Suppose -22*x + 20*x - 168 = 0. Let h be (1 + (-3 - (x - -2)))/1. Calculate the greatest common factor of 400 and h.
80
Let o = 104 - 46. Suppose -8*l - 655 = -255. Let f = o + l. Calculate the highest common divisor of f and 56.
8
Suppose 1414 = 52*b - 2850. What is the highest common divisor of 50 and b?
2
Suppose 0 = -f + 5, -37 = 3*b + 3*f + f. Let y = b + 34. Let k = y + -4. What is the greatest common divisor of 1 and k?
1
Let k be 63/189 + (-66)/9 + (-3625)/(-1). Calculate the highest common divisor of k and 54.
54
Let y = 96 - 92. Suppose y*j + j = 10. Suppose 2*x - j = -3*u - 0*u, 2*x + 10 = 0. Calculate the highest common factor of u and 16.
4
Suppose -3*q + 8*h = 3*h - 31, -q - 2*h - 8 = 0. Suppose -q*o - 5*n = -45, 4*o + n - 108 = 27. What is the greatest common divisor of o and 10?
5
Suppose 4*m - 2*v = 28, -5*v + 6 - 41 = -5*m. Let a(r) = -r**3 + 8*r**2 + 6*r - 11. Let n be a(m). What is the greatest common divisor of 5 and n?
5
Let x(y) = -3*y**3 - 15*y**2 + 28*y - 10. Let w be x(-12). What is the highest common factor of 2060 and w?
206
Let z = 48 + -52. Let d = z + 48. Suppose 2*b = d + 28. What is the highest common factor of b and 9?
9
Let b = -53 - -373. Suppose 0 = 5*f + 5*d - 405, 2*d - b = -4*f - 3*d. What is the highest common factor of 5 and f?
5
Suppose -2*d + 47 = t, 0 = t + 5*d - 4*d - 50. Let g = t - -25. What is the highest common divisor of g and 6?
6
Let x be 0/2 - 0 - -14. Suppose 5*f - 3*h = -14 - 23, 2*f - h = -x. Let j = f + 141. What is the highest common factor of 17 and j?
17
Let f(u) = 233*u**2 - 192*u - 373. Let r be f(-2). What is the greatest common divisor of 369 and r?
41
Suppose 0 = 4*w + 19*k - 24*k + 2, w - 4 = -k. Let f(l) = l**3 - 8*l**2 - 8*l + 1. Let v be f(9). What is the highest common factor of w and v?
2
Let w be (-4797)/(-12) - (-4*10/16)/10. Calculate the highest common divisor of w and 720.
80
Suppose 40*g - 480 = 35*g. Suppose 3*y + 3*d + 201 = 7*y, 12 = -4*d. Let j = g - y. Calculate the highest common factor of j and 72.
24
Suppose 5*m = 3*m + 94. Let y = -27 + m. Let s = 3 + 1. Calculate the highest common factor of s and y.
4
Suppose 2*u + 38 = 46. Suppose -u*j = 2*y - 24, 2 + 14 = y + 4*j. Calculate the greatest common divisor of y and 7.
1
Let n = -2463 + 2473. Calculate the greatest common factor of n and 6530.
10
Let h = -10722 - -14864. What is the highest common divisor of 218 and h?
218
Let d(t) = 27*t - 1712. Let h be d(146). What is the highest common factor of 80 and h?
10
Let n(g) = -2*g - 95. Let c be n(-46). Let z be (-17)/17*(c - 13). Calculate the greatest common factor of z and 60.
4
Suppose 44*y + 26*y = 6720. Calculate the greatest common divisor of 120 and y.
24
Let m(d) = 4*d**2 - d + 0 - 3 + d**3 + 0. Let y be m(-4). Suppose -4*z - 4*l + 7 = -13, -5*z + 5*l = 15. What is the greatest common divisor of z and y?
1
Suppose 0 = -21*n + 1562 + 55. Calculate the highest com